{"id":246,"date":"2015-10-22T17:55:07","date_gmt":"2015-10-22T15:55:07","guid":{"rendered":"http:\/\/www.siberien.ch\/sib\/?page_id=246"},"modified":"2015-10-22T17:55:07","modified_gmt":"2015-10-22T15:55:07","slug":"portee-2012","status":"publish","type":"page","link":"https:\/\/sib.tribufufu.net\/index.php\/portee-2012\/","title":{"rendered":"Port\u00e9e 2012"},"content":{"rendered":"<p><a href=\"http:\/\/www.siberien.ch\/sib\/wp-content\/uploads\/2015\/10\/P1020793.jpg\" data-rel=\"lightbox-image-0\" data-rl_title=\"\" data-rl_caption=\"\" title=\"\"><img loading=\"lazy\" class=\"alignnone size-medium wp-image-247\" src=\"http:\/\/www.siberien.ch\/sib\/wp-content\/uploads\/2015\/10\/P1020793-300x225.jpg\" alt=\"P1020793\" width=\"300\" height=\"225\" srcset=\"https:\/\/sib.tribufufu.net\/wp-content\/uploads\/2015\/10\/P1020793-300x225.jpg 300w, https:\/\/sib.tribufufu.net\/wp-content\/uploads\/2015\/10\/P1020793-1024x768.jpg 1024w\" sizes=\"(max-width: 300px) 100vw, 300px\" \/><\/a><\/p>\n<p><strong>Misty et Coyote<\/strong> nous ont fait une magnifique port\u00e9e de 5 chatons le 30 juillet 2012, ils nous ont fait cadeau de 2 chatons femelles et de 3 chatons m\u00e2les.<\/p>\n<p>La maman a mis bas toute seule, sans aucun probl\u00e8me et toute la petite famille se porte bien.<\/p>\n<p>Ilytch \u00a0 \u00a0 \u00a0 \u00a0 m\u00e2le Seal Tabby Point<\/p>\n<p>Juri \u00a0 \u00a0 \u00a0 \u00a0 \u00a0\u00a0 m\u00e2le Seal Silver Tabby Point<\/p>\n<p>Max \u00a0 \u00a0 \u00a0 \u00a0 \u00a0 m\u00e2le Seal Silver Tabby Point<\/p>\n<p>Ne\u00efva \u00a0 \u00a0 \u00a0 \u00a0 femelle Seal Silver Tabby Point<\/p>\n<p>Ty\u00efa \u00a0 \u00a0 \u00a0 \u00a0 \u00a0 femelle Blue Cream Silver Tabby Point<\/p>\n<div class=\"clear\"><\/div>\n","protected":false},"excerpt":{"rendered":"<p>Misty et Coyote nous ont fait une magnifique port\u00e9e de 5 chatons le 30 juillet 2012, ils nous ont fait cadeau de 2 chatons femelles et de 3 chatons m\u00e2les. La maman a mis bas toute seule, sans aucun probl\u00e8me &hellip; <a href=\"https:\/\/sib.tribufufu.net\/index.php\/portee-2012\/\">Continue la lecture <span class=\"meta-nav\">&rarr;<\/span><\/a><\/p>\n","protected":false},"author":3,"featured_media":0,"parent":0,"menu_order":0,"comment_status":"closed","ping_status":"closed","template":"","meta":[],"_links":{"self":[{"href":"https:\/\/sib.tribufufu.net\/index.php\/wp-json\/wp\/v2\/pages\/246"}],"collection":[{"href":"https:\/\/sib.tribufufu.net\/index.php\/wp-json\/wp\/v2\/pages"}],"about":[{"href":"https:\/\/sib.tribufufu.net\/index.php\/wp-json\/wp\/v2\/types\/page"}],"author":[{"embeddable":true,"href":"https:\/\/sib.tribufufu.net\/index.php\/wp-json\/wp\/v2\/users\/3"}],"replies":[{"embeddable":true,"href":"https:\/\/sib.tribufufu.net\/index.php\/wp-json\/wp\/v2\/comments?post=246"}],"version-history":[{"count":1,"href":"https:\/\/sib.tribufufu.net\/index.php\/wp-json\/wp\/v2\/pages\/246\/revisions"}],"predecessor-version":[{"id":249,"href":"https:\/\/sib.tribufufu.net\/index.php\/wp-json\/wp\/v2\/pages\/246\/revisions\/249"}],"wp:attachment":[{"href":"https:\/\/sib.tribufufu.net\/index.php\/wp-json\/wp\/v2\/media?parent=246"}],"curies":[{"name":"wp","href":"https:\/\/api.w.org\/{rel}","templated":true}]}}