{"id":242,"date":"2015-10-22T17:35:52","date_gmt":"2015-10-22T15:35:52","guid":{"rendered":"http:\/\/www.siberien.ch\/sib\/?page_id=242"},"modified":"2016-05-02T23:42:28","modified_gmt":"2016-05-02T21:42:28","slug":"allergies","status":"publish","type":"page","link":"https:\/\/sib.tribufufu.net\/index.php\/allergies\/","title":{"rendered":"Allergies"},"content":{"rendered":"<div class=\"textLayer\">\n<div data-canvas-width=\"79.21477617767998\"><a href=\"http:\/\/www.siberien.ch\/sib\/wp-content\/uploads\/2015\/10\/Eternue.jpg\" data-rel=\"lightbox-image-0\" data-rl_title=\"\" data-rl_caption=\"\" title=\"\"><img loading=\"lazy\" class=\"alignnone size-medium wp-image-243\" src=\"http:\/\/www.siberien.ch\/sib\/wp-content\/uploads\/2015\/10\/Eternue-300x203.jpg\" alt=\"Eternue\" width=\"300\" height=\"203\" srcset=\"https:\/\/sib.tribufufu.net\/wp-content\/uploads\/2015\/10\/Eternue-300x203.jpg 300w, https:\/\/sib.tribufufu.net\/wp-content\/uploads\/2015\/10\/Eternue.jpg 338w\" sizes=\"(max-width: 300px) 100vw, 300px\" \/><\/a><\/div>\n<h3 data-canvas-width=\"79.21477617767998\"><strong>Allergies<\/strong><\/h3>\n<div data-canvas-width=\"466.9270375535999\">85% des personnes allergiques sont en fait sensibles \u00e0 la prot\u00e9ine FEL D1 que l&rsquo;on retrouve dans la salive, l&rsquo;urine, les glandes hormonales et s\u00e9bac\u00e9es du chat. En se lavant, le chat<\/div>\n<div data-canvas-width=\"344.24390597688006\">d\u00e9pose cette prot\u00e9ine sur sa peau et ses poils.<\/div>\n<div data-canvas-width=\"344.24390597688006\"><\/div>\n<div data-canvas-width=\"23.399988299999997\">Certaines races de chat sont moins allerg\u00e8nes gr\u00e2ce \u00e0 leur absence de poils et de part leur texture diff\u00e9rente. C\u2019est le cas des Sphinx (sans poils), des Cornish Rex, des Devon Rex, des Balinais, et des Korat.<\/div>\n<div data-canvas-width=\"23.399988299999997\"><\/div>\n<div data-canvas-width=\"446.2858190138401\">Le chat Sib\u00e9rien et le N\u00e9va Masquerade font exception car ils sont les seuls \u00e0 ne pas produire ou tr\u00e8s peu cette prot\u00e9ine, il est donc vraiment hypoallerg\u00e9nique.<\/div>\n<div data-canvas-width=\"482.38135617672003\"><\/div>\n<div data-canvas-width=\"384.43891115448\">Le niveau d\u2019allergie de chaque personne \u00e9tant sp\u00e9cifique, ainsi que pour chaque chat, il faut absolument vous rendre chez un \u00e9leveur pour tester vos r\u00e9actions en pr\u00e9sence de ses chats.<\/div>\n<div data-canvas-width=\"384.43891115448\"><\/div>\n<\/div>\n<h3 data-canvas-width=\"384.43891115448\"><strong>A lire<\/strong><\/h3>\n<ul>\n<li data-canvas-width=\"384.43891115448\"><a href=\"http:\/\/www.sciencesetavenir.fr\/galeries-photos\/animaux\/20150129.OBS1161\/les-races-de-chats-les-plus-hypoallergeniques.html\">Article dans Science et Avenir<\/a><\/li>\n<\/ul>\n","protected":false},"excerpt":{"rendered":"<p>Allergies 85% des personnes allergiques sont en fait sensibles \u00e0 la prot\u00e9ine FEL D1 que l&rsquo;on retrouve dans la salive, l&rsquo;urine, les glandes hormonales et s\u00e9bac\u00e9es du chat. En se lavant, le chat d\u00e9pose cette prot\u00e9ine sur sa peau et &hellip; <a href=\"https:\/\/sib.tribufufu.net\/index.php\/allergies\/\">Continue la lecture <span class=\"meta-nav\">&rarr;<\/span><\/a><\/p>\n","protected":false},"author":3,"featured_media":0,"parent":0,"menu_order":0,"comment_status":"closed","ping_status":"closed","template":"","meta":[],"_links":{"self":[{"href":"https:\/\/sib.tribufufu.net\/index.php\/wp-json\/wp\/v2\/pages\/242"}],"collection":[{"href":"https:\/\/sib.tribufufu.net\/index.php\/wp-json\/wp\/v2\/pages"}],"about":[{"href":"https:\/\/sib.tribufufu.net\/index.php\/wp-json\/wp\/v2\/types\/page"}],"author":[{"embeddable":true,"href":"https:\/\/sib.tribufufu.net\/index.php\/wp-json\/wp\/v2\/users\/3"}],"replies":[{"embeddable":true,"href":"https:\/\/sib.tribufufu.net\/index.php\/wp-json\/wp\/v2\/comments?post=242"}],"version-history":[{"count":3,"href":"https:\/\/sib.tribufufu.net\/index.php\/wp-json\/wp\/v2\/pages\/242\/revisions"}],"predecessor-version":[{"id":444,"href":"https:\/\/sib.tribufufu.net\/index.php\/wp-json\/wp\/v2\/pages\/242\/revisions\/444"}],"wp:attachment":[{"href":"https:\/\/sib.tribufufu.net\/index.php\/wp-json\/wp\/v2\/media?parent=242"}],"curies":[{"name":"wp","href":"https:\/\/api.w.org\/{rel}","templated":true}]}}